{"id":7260,"date":"2025-10-23T10:48:06","date_gmt":"2025-10-23T13:48:06","guid":{"rendered":"https:\/\/biketur.cl\/shop\/?post_type=product&#038;p=7260"},"modified":"2025-10-23T10:48:36","modified_gmt":"2025-10-23T13:48:36","slug":"set-de-luces-para-bicicleta-blanca-rojo","status":"publish","type":"product","link":"https:\/\/biketur.cl\/shop\/producto\/set-de-luces-para-bicicleta-blanca-rojo\/","title":{"rendered":"Set de Luces para bicicleta <BR>Blanca \/ Rojo"},"content":{"rendered":"","protected":false},"excerpt":{"rendered":"<p><span style=\"font-weight: 400;\">El <\/span><b>set de luces para bicicleta FOSS USB<\/b><span style=\"font-weight: 400;\"> ofrece <\/span><b>iluminaci\u00f3n potente<\/b><span style=\"font-weight: 400;\">, autonom\u00eda y seguridad en cada trayecto, tanto de d\u00eda como de noche.<\/span><span style=\"font-weight: 400;\"><br \/>\n<\/span><span style=\"font-weight: 400;\">Incluye una <\/span><b>luz delantera blanca de 120 l\u00famenes<\/b><span style=\"font-weight: 400;\"> con <\/span><b>3 modos de iluminaci\u00f3n<\/b><span style=\"font-weight: 400;\"> y una <\/span><b>luz trasera roja de 15 l\u00famenes<\/b><span style=\"font-weight: 400;\"> con <\/span><b>4 funciones<\/b><span style=\"font-weight: 400;\">.<\/span><span style=\"font-weight: 400;\"><br \/>\n<\/span><span style=\"font-weight: 400;\">Dise\u00f1ado para ciclistas que buscan <\/span><b>visibilidad, practicidad y carga r\u00e1pida por USB<\/b><span style=\"font-weight: 400;\">.<\/span><\/p>\n<p><b>Caracter\u00edsticas principales<\/b><\/p>\n<ul>\n<li style=\"font-weight: 400;\" aria-level=\"1\"><b>Marca:<\/b><span style=\"font-weight: 400;\"> FOSS<\/span><\/li>\n<li style=\"font-weight: 400;\" aria-level=\"1\"><b>Tipo:<\/b><span style=\"font-weight: 400;\"> set delantero y trasero<\/span><\/li>\n<li style=\"font-weight: 400;\" aria-level=\"1\"><b>Luz delantera:<\/b><span style=\"font-weight: 400;\"> blanca, 120 l\u00famenes, 3 funciones (fija alta, fija baja, intermitente)<\/span><\/li>\n<li style=\"font-weight: 400;\" aria-level=\"1\"><b>Luz trasera:<\/b><span style=\"font-weight: 400;\"> roja, 15 l\u00famenes, 4 funciones (constante, intermitente, flash r\u00e1pido, flash lento)<\/span><\/li>\n<li style=\"font-weight: 400;\" aria-level=\"1\"><b>Carga USB:<\/b><span style=\"font-weight: 400;\"> pr\u00e1ctica, ecol\u00f3gica y sin necesidad de pilas<\/span><\/li>\n<li style=\"font-weight: 400;\" aria-level=\"1\"><b>Instalaci\u00f3n r\u00e1pida:<\/b><span style=\"font-weight: 400;\"> sistema de sujeci\u00f3n flexible compatible con todo tipo de bicicletas<\/span><\/li>\n<li style=\"font-weight: 400;\" aria-level=\"1\"><b>Material resistente:<\/b><span style=\"font-weight: 400;\"> carcasa duradera y ligera, ideal para uso urbano o recreativo<\/span><\/li>\n<li style=\"font-weight: 400;\" aria-level=\"1\"><b>Uso recomendado:<\/b><span style=\"font-weight: 400;\"><span style=\"font-weight: 400;\"> ciclismo urbano, MTB o rutas nocturnas<\/span><\/span><b style=\"font-size: 1.618em;\"><\/b><\/li>\n<\/ul>\n<p><b>Ventajas:<\/b><\/p>\n<ul>\n<li style=\"font-weight: 400;\" aria-level=\"1\"><span style=\"font-weight: 400;\">Mayor <\/span><b>visibilidad y seguridad<\/b><span style=\"font-weight: 400;\"> en condiciones de baja luz.<\/span><\/li>\n<li style=\"font-weight: 400;\" aria-level=\"1\"><b>Bater\u00eda recargable por USB<\/b><span style=\"font-weight: 400;\">, lista en pocas horas.<\/span><\/li>\n<li style=\"font-weight: 400;\" aria-level=\"1\"><span style=\"font-weight: 400;\">Dise\u00f1o <\/span><b>compacto, liviano y resistente al agua<\/b><span style=\"font-weight: 400;\">.<\/span><\/li>\n<\/ul>\n<p><span style=\"font-weight: 400;\">Perfecto para quienes buscan un <\/span><b>set de luces para bicicleta confiable, f\u00e1cil de usar y con excelente relaci\u00f3n calidad-precio<\/b><span style=\"font-weight: 400;\">.<\/span><\/p>\n","protected":false},"featured_media":7261,"comment_status":"closed","ping_status":"closed","template":"","meta":[],"pwb-brand":[],"product_brand":[],"product_cat":[35],"product_tag":[],"class_list":{"0":"post-7260","1":"product","2":"type-product","3":"status-publish","4":"has-post-thumbnail","6":"product_cat-luces","8":"first","9":"instock","10":"taxable","11":"shipping-taxable","12":"purchasable","13":"product-type-simple"},"yoast_head":"<!-- This site is optimized with the Yoast SEO plugin v27.3 - https:\/\/yoast.com\/product\/yoast-seo-wordpress\/ -->\n<title>Set de Luces para bicicleta Blanca \/ Rojo - Tienda de Bicicletas<\/title>\n<meta name=\"robots\" content=\"index, follow, max-snippet:-1, max-image-preview:large, max-video-preview:-1\" \/>\n<link rel=\"canonical\" href=\"https:\/\/biketur.cl\/shop\/producto\/set-de-luces-para-bicicleta-blanca-rojo\/\" \/>\n<meta property=\"og:locale\" content=\"es_ES\" \/>\n<meta property=\"og:type\" content=\"article\" \/>\n<meta property=\"og:title\" content=\"Set de Luces para bicicleta Blanca \/ Rojo - Tienda de Bicicletas\" \/>\n<meta property=\"og:description\" content=\"El set de luces para bicicleta FOSS USB ofrece iluminaci\u00f3n potente, autonom\u00eda y seguridad en cada trayecto, tanto de d\u00eda como de noche. Incluye una luz delantera blanca de 120 l\u00famenes con 3 modos de iluminaci\u00f3n y una luz trasera roja de 15 l\u00famenes con 4 funciones. Dise\u00f1ado para ciclistas que buscan visibilidad, practicidad y carga r\u00e1pida por USB.  Caracter\u00edsticas principales   Marca: FOSS  Tipo: set delantero y trasero  Luz delantera: blanca, 120 l\u00famenes, 3 funciones (fija alta, fija baja, intermitente)  Luz trasera: roja, 15 l\u00famenes, 4 funciones (constante, intermitente, flash r\u00e1pido, flash lento)  Carga USB: pr\u00e1ctica, ecol\u00f3gica y sin necesidad de pilas  Instalaci\u00f3n r\u00e1pida: sistema de sujeci\u00f3n flexible compatible con todo tipo de bicicletas  Material resistente: carcasa duradera y ligera, ideal para uso urbano o recreativo  Uso recomendado: ciclismo urbano, MTB o rutas nocturnas  Ventajas:   Mayor visibilidad y seguridad en condiciones de baja luz.  Bater\u00eda recargable por USB, lista en pocas horas.  Dise\u00f1o compacto, liviano y resistente al agua.  Perfecto para quienes buscan un set de luces para bicicleta confiable, f\u00e1cil de usar y con excelente relaci\u00f3n calidad-precio.\" \/>\n<meta property=\"og:url\" content=\"https:\/\/biketur.cl\/shop\/producto\/set-de-luces-para-bicicleta-blanca-rojo\/\" \/>\n<meta property=\"og:site_name\" content=\"Tienda de Bicicletas\" \/>\n<meta property=\"article:modified_time\" content=\"2025-10-23T13:48:36+00:00\" \/>\n<meta property=\"og:image\" content=\"https:\/\/biketur.cl\/shop\/wp-content\/uploads\/2025\/10\/Set-Luces-para-bicicleta.jpg\" \/>\n\t<meta property=\"og:image:width\" content=\"600\" \/>\n\t<meta property=\"og:image:height\" content=\"450\" \/>\n\t<meta property=\"og:image:type\" content=\"image\/jpeg\" \/>\n<meta name=\"twitter:card\" content=\"summary_large_image\" \/>\n<meta name=\"twitter:label1\" content=\"Tiempo de lectura\" \/>\n\t<meta name=\"twitter:data1\" content=\"1 minuto\" \/>\n<script type=\"application\/ld+json\" class=\"yoast-schema-graph\">{\"@context\":\"https:\\\/\\\/schema.org\",\"@graph\":[{\"@type\":\"WebPage\",\"@id\":\"https:\\\/\\\/biketur.cl\\\/shop\\\/producto\\\/set-de-luces-para-bicicleta-blanca-rojo\\\/\",\"url\":\"https:\\\/\\\/biketur.cl\\\/shop\\\/producto\\\/set-de-luces-para-bicicleta-blanca-rojo\\\/\",\"name\":\"Set de Luces para bicicleta Blanca \\\/ Rojo - Tienda de Bicicletas\",\"isPartOf\":{\"@id\":\"https:\\\/\\\/biketur.cl\\\/shop\\\/#website\"},\"primaryImageOfPage\":{\"@id\":\"https:\\\/\\\/biketur.cl\\\/shop\\\/producto\\\/set-de-luces-para-bicicleta-blanca-rojo\\\/#primaryimage\"},\"image\":{\"@id\":\"https:\\\/\\\/biketur.cl\\\/shop\\\/producto\\\/set-de-luces-para-bicicleta-blanca-rojo\\\/#primaryimage\"},\"thumbnailUrl\":\"https:\\\/\\\/biketur.cl\\\/shop\\\/wp-content\\\/uploads\\\/2025\\\/10\\\/Set-Luces-para-bicicleta.jpg\",\"datePublished\":\"2025-10-23T13:48:06+00:00\",\"dateModified\":\"2025-10-23T13:48:36+00:00\",\"breadcrumb\":{\"@id\":\"https:\\\/\\\/biketur.cl\\\/shop\\\/producto\\\/set-de-luces-para-bicicleta-blanca-rojo\\\/#breadcrumb\"},\"inLanguage\":\"es\",\"potentialAction\":[{\"@type\":\"ReadAction\",\"target\":[\"https:\\\/\\\/biketur.cl\\\/shop\\\/producto\\\/set-de-luces-para-bicicleta-blanca-rojo\\\/\"]}]},{\"@type\":\"ImageObject\",\"inLanguage\":\"es\",\"@id\":\"https:\\\/\\\/biketur.cl\\\/shop\\\/producto\\\/set-de-luces-para-bicicleta-blanca-rojo\\\/#primaryimage\",\"url\":\"https:\\\/\\\/biketur.cl\\\/shop\\\/wp-content\\\/uploads\\\/2025\\\/10\\\/Set-Luces-para-bicicleta.jpg\",\"contentUrl\":\"https:\\\/\\\/biketur.cl\\\/shop\\\/wp-content\\\/uploads\\\/2025\\\/10\\\/Set-Luces-para-bicicleta.jpg\",\"width\":600,\"height\":450},{\"@type\":\"BreadcrumbList\",\"@id\":\"https:\\\/\\\/biketur.cl\\\/shop\\\/producto\\\/set-de-luces-para-bicicleta-blanca-rojo\\\/#breadcrumb\",\"itemListElement\":[{\"@type\":\"ListItem\",\"position\":1,\"name\":\"Portada\",\"item\":\"https:\\\/\\\/biketur.cl\\\/shop\\\/\"},{\"@type\":\"ListItem\",\"position\":2,\"name\":\"Tienda\",\"item\":\"https:\\\/\\\/biketur.cl\\\/shop\\\/tienda\\\/\"},{\"@type\":\"ListItem\",\"position\":3,\"name\":\"Set de Luces para bicicleta Blanca \\\/ Rojo\"}]},{\"@type\":\"WebSite\",\"@id\":\"https:\\\/\\\/biketur.cl\\\/shop\\\/#website\",\"url\":\"https:\\\/\\\/biketur.cl\\\/shop\\\/\",\"name\":\"Tienda de Bicicletas\",\"description\":\"| Monta\u00f1a - Ruta - Urbanas |\",\"publisher\":{\"@id\":\"https:\\\/\\\/biketur.cl\\\/shop\\\/#organization\"},\"potentialAction\":[{\"@type\":\"SearchAction\",\"target\":{\"@type\":\"EntryPoint\",\"urlTemplate\":\"https:\\\/\\\/biketur.cl\\\/shop\\\/?s={search_term_string}\"},\"query-input\":{\"@type\":\"PropertyValueSpecification\",\"valueRequired\":true,\"valueName\":\"search_term_string\"}}],\"inLanguage\":\"es\"},{\"@type\":\"Organization\",\"@id\":\"https:\\\/\\\/biketur.cl\\\/shop\\\/#organization\",\"name\":\"Tienda de Bicicletas\",\"url\":\"https:\\\/\\\/biketur.cl\\\/shop\\\/\",\"logo\":{\"@type\":\"ImageObject\",\"inLanguage\":\"es\",\"@id\":\"https:\\\/\\\/biketur.cl\\\/shop\\\/#\\\/schema\\\/logo\\\/image\\\/\",\"url\":\"https:\\\/\\\/biketur.cl\\\/shop\\\/wp-content\\\/uploads\\\/2021\\\/05\\\/cropped-logo-web-Biketur-shop.png\",\"contentUrl\":\"https:\\\/\\\/biketur.cl\\\/shop\\\/wp-content\\\/uploads\\\/2021\\\/05\\\/cropped-logo-web-Biketur-shop.png\",\"width\":500,\"height\":270,\"caption\":\"Tienda de Bicicletas\"},\"image\":{\"@id\":\"https:\\\/\\\/biketur.cl\\\/shop\\\/#\\\/schema\\\/logo\\\/image\\\/\"}}]}<\/script>\n<!-- \/ Yoast SEO plugin. -->","yoast_head_json":{"title":"Set de Luces para bicicleta Blanca \/ Rojo - Tienda de Bicicletas","robots":{"index":"index","follow":"follow","max-snippet":"max-snippet:-1","max-image-preview":"max-image-preview:large","max-video-preview":"max-video-preview:-1"},"canonical":"https:\/\/biketur.cl\/shop\/producto\/set-de-luces-para-bicicleta-blanca-rojo\/","og_locale":"es_ES","og_type":"article","og_title":"Set de Luces para bicicleta Blanca \/ Rojo - Tienda de Bicicletas","og_description":"El set de luces para bicicleta FOSS USB ofrece iluminaci\u00f3n potente, autonom\u00eda y seguridad en cada trayecto, tanto de d\u00eda como de noche. Incluye una luz delantera blanca de 120 l\u00famenes con 3 modos de iluminaci\u00f3n y una luz trasera roja de 15 l\u00famenes con 4 funciones. Dise\u00f1ado para ciclistas que buscan visibilidad, practicidad y carga r\u00e1pida por USB.  Caracter\u00edsticas principales   Marca: FOSS  Tipo: set delantero y trasero  Luz delantera: blanca, 120 l\u00famenes, 3 funciones (fija alta, fija baja, intermitente)  Luz trasera: roja, 15 l\u00famenes, 4 funciones (constante, intermitente, flash r\u00e1pido, flash lento)  Carga USB: pr\u00e1ctica, ecol\u00f3gica y sin necesidad de pilas  Instalaci\u00f3n r\u00e1pida: sistema de sujeci\u00f3n flexible compatible con todo tipo de bicicletas  Material resistente: carcasa duradera y ligera, ideal para uso urbano o recreativo  Uso recomendado: ciclismo urbano, MTB o rutas nocturnas  Ventajas:   Mayor visibilidad y seguridad en condiciones de baja luz.  Bater\u00eda recargable por USB, lista en pocas horas.  Dise\u00f1o compacto, liviano y resistente al agua.  Perfecto para quienes buscan un set de luces para bicicleta confiable, f\u00e1cil de usar y con excelente relaci\u00f3n calidad-precio.","og_url":"https:\/\/biketur.cl\/shop\/producto\/set-de-luces-para-bicicleta-blanca-rojo\/","og_site_name":"Tienda de Bicicletas","article_modified_time":"2025-10-23T13:48:36+00:00","og_image":[{"width":600,"height":450,"url":"https:\/\/biketur.cl\/shop\/wp-content\/uploads\/2025\/10\/Set-Luces-para-bicicleta.jpg","type":"image\/jpeg"}],"twitter_card":"summary_large_image","twitter_misc":{"Tiempo de lectura":"1 minuto"},"schema":{"@context":"https:\/\/schema.org","@graph":[{"@type":"WebPage","@id":"https:\/\/biketur.cl\/shop\/producto\/set-de-luces-para-bicicleta-blanca-rojo\/","url":"https:\/\/biketur.cl\/shop\/producto\/set-de-luces-para-bicicleta-blanca-rojo\/","name":"Set de Luces para bicicleta Blanca \/ Rojo - Tienda de Bicicletas","isPartOf":{"@id":"https:\/\/biketur.cl\/shop\/#website"},"primaryImageOfPage":{"@id":"https:\/\/biketur.cl\/shop\/producto\/set-de-luces-para-bicicleta-blanca-rojo\/#primaryimage"},"image":{"@id":"https:\/\/biketur.cl\/shop\/producto\/set-de-luces-para-bicicleta-blanca-rojo\/#primaryimage"},"thumbnailUrl":"https:\/\/biketur.cl\/shop\/wp-content\/uploads\/2025\/10\/Set-Luces-para-bicicleta.jpg","datePublished":"2025-10-23T13:48:06+00:00","dateModified":"2025-10-23T13:48:36+00:00","breadcrumb":{"@id":"https:\/\/biketur.cl\/shop\/producto\/set-de-luces-para-bicicleta-blanca-rojo\/#breadcrumb"},"inLanguage":"es","potentialAction":[{"@type":"ReadAction","target":["https:\/\/biketur.cl\/shop\/producto\/set-de-luces-para-bicicleta-blanca-rojo\/"]}]},{"@type":"ImageObject","inLanguage":"es","@id":"https:\/\/biketur.cl\/shop\/producto\/set-de-luces-para-bicicleta-blanca-rojo\/#primaryimage","url":"https:\/\/biketur.cl\/shop\/wp-content\/uploads\/2025\/10\/Set-Luces-para-bicicleta.jpg","contentUrl":"https:\/\/biketur.cl\/shop\/wp-content\/uploads\/2025\/10\/Set-Luces-para-bicicleta.jpg","width":600,"height":450},{"@type":"BreadcrumbList","@id":"https:\/\/biketur.cl\/shop\/producto\/set-de-luces-para-bicicleta-blanca-rojo\/#breadcrumb","itemListElement":[{"@type":"ListItem","position":1,"name":"Portada","item":"https:\/\/biketur.cl\/shop\/"},{"@type":"ListItem","position":2,"name":"Tienda","item":"https:\/\/biketur.cl\/shop\/tienda\/"},{"@type":"ListItem","position":3,"name":"Set de Luces para bicicleta Blanca \/ Rojo"}]},{"@type":"WebSite","@id":"https:\/\/biketur.cl\/shop\/#website","url":"https:\/\/biketur.cl\/shop\/","name":"Tienda de Bicicletas","description":"| Monta\u00f1a - Ruta - Urbanas |","publisher":{"@id":"https:\/\/biketur.cl\/shop\/#organization"},"potentialAction":[{"@type":"SearchAction","target":{"@type":"EntryPoint","urlTemplate":"https:\/\/biketur.cl\/shop\/?s={search_term_string}"},"query-input":{"@type":"PropertyValueSpecification","valueRequired":true,"valueName":"search_term_string"}}],"inLanguage":"es"},{"@type":"Organization","@id":"https:\/\/biketur.cl\/shop\/#organization","name":"Tienda de Bicicletas","url":"https:\/\/biketur.cl\/shop\/","logo":{"@type":"ImageObject","inLanguage":"es","@id":"https:\/\/biketur.cl\/shop\/#\/schema\/logo\/image\/","url":"https:\/\/biketur.cl\/shop\/wp-content\/uploads\/2021\/05\/cropped-logo-web-Biketur-shop.png","contentUrl":"https:\/\/biketur.cl\/shop\/wp-content\/uploads\/2021\/05\/cropped-logo-web-Biketur-shop.png","width":500,"height":270,"caption":"Tienda de Bicicletas"},"image":{"@id":"https:\/\/biketur.cl\/shop\/#\/schema\/logo\/image\/"}}]}},"brands":[],"_links":{"self":[{"href":"https:\/\/biketur.cl\/shop\/wp-json\/wp\/v2\/product\/7260","targetHints":{"allow":["GET"]}}],"collection":[{"href":"https:\/\/biketur.cl\/shop\/wp-json\/wp\/v2\/product"}],"about":[{"href":"https:\/\/biketur.cl\/shop\/wp-json\/wp\/v2\/types\/product"}],"replies":[{"embeddable":true,"href":"https:\/\/biketur.cl\/shop\/wp-json\/wp\/v2\/comments?post=7260"}],"wp:featuredmedia":[{"embeddable":true,"href":"https:\/\/biketur.cl\/shop\/wp-json\/wp\/v2\/media\/7261"}],"wp:attachment":[{"href":"https:\/\/biketur.cl\/shop\/wp-json\/wp\/v2\/media?parent=7260"}],"wp:term":[{"taxonomy":"pwb-brand","embeddable":true,"href":"https:\/\/biketur.cl\/shop\/wp-json\/wp\/v2\/pwb-brand?post=7260"},{"taxonomy":"product_brand","embeddable":true,"href":"https:\/\/biketur.cl\/shop\/wp-json\/wp\/v2\/product_brand?post=7260"},{"taxonomy":"product_cat","embeddable":true,"href":"https:\/\/biketur.cl\/shop\/wp-json\/wp\/v2\/product_cat?post=7260"},{"taxonomy":"product_tag","embeddable":true,"href":"https:\/\/biketur.cl\/shop\/wp-json\/wp\/v2\/product_tag?post=7260"}],"curies":[{"name":"wp","href":"https:\/\/api.w.org\/{rel}","templated":true}]}}